t y(o) = 3*o - 2. Let l(q) = -5*u(q) - 4*y(q). Suppose -3*d - 1 = -3*m - 7, -2*d + 7 = -3*m. What is l(m)?
9
Let m = 4 - 10. Let d(i) = 3 + 3*i + 22*i + 1 - 26*i. Calculate d(m).
10
Let c(v) = 74*v + 39. Let f(j) = 33*j + 16. Let i(q) = -4*c(q) + 9*f(q). Let o = -14 + 28. Give i(o).
2
Suppose 228 = -45*h - 42. Let a(z) = -z**2 + 20*z + 154. What is a(h)?
-2
Let m(b) = 5*b**3 - 227 - b**2 - 3*b**3 + b**3 + 107 + 3*b + 110. Calculate m(2).
16
Suppose 216 = -3*z - 3*b, 0 = -3*z + 3*b + 2*b - 184. Let v = -66 - z. Let y(j) = -5*j**2 + 17 - 6*j + v*j**3 + 9*j - 14. Calculate y(3).
21
Let g be ((-768)/896)/(1*(-4)/182). Let k be 260/g*(-6)/8. Let s(f) = -2*f - 9. Calculate s(k).
1
Let i be -21*2/(-3)*(-1)/2. Let w(d) = 2*d**3 + 14*d**2 - 2*d + 3. Let n be w(i). Let u(x) = 5 + x - n - 2*x + 10*x**2 + 4*x**3 - 3*x**3. What is u(-10)?
-2
Let m(t) = t**3 - 5*t**2 + 4*t - 5. Let d be (13 + (-215)/15)*(-6)/4. What is m(d)?
-9
Let t(u) = -u**2 - 9*u - 5. Suppose 8*z + 20*z + 896 = 0. Suppose -5*s + y + 120 = 2*y, 0 = -s + 3*y + 8. Let p = s + z. What is t(p)?
-5
Let l(t) be the first derivative of 2*t**2 + 12*t - 64. Let b be l(-4). Let z(n) = n**2 + 11*n + 9. Let v(q) = q + 1. Let p(i) = -6*v(i) + z(i). What is p(b)?
-1
Let o(m) be the third derivative of m**5/60 + 7*m**4/24 + 31*m**3/6 + 38*m**2. Let g(s) be the first derivative of o(s). Determine g(-5).
-3
Let v be 2*2 - (11 - 80/20). Let h(z) = -z - 2. Give h(v).
1
Let o = -11 + 20. Let r = 14 - o. Let b(y) = 2*y + 23*y - 23*y - y. Determine b(r).
5
Let m(u) = -98 - 25*u + 95 + 6. Give m(2).
-47
Let y(i) = 14*i**3 + i**2 - 3*i + 1. Let w be (3/(-30))/(18/(-165 + -15)). Determine y(w).
13
Let c(g) = 3 - 10*g**2 - 7 + g**3 + 9*g - 1 - 1 + 5. Determine c(9).
-1
Let l be (-25 + 21)/(1 + 1). Let q(w) = -3*w - 4. Let n(z) = 20*z + 26*z - 41*z + 10 - 1. Let a(m) = -2*n(m) - 5*q(m). Give a(l).
-8
Let s(d) = d + 2. Let q(x) = 4 - 4 - 1 - 3 + 1. Let n(o) = 6*q(o) + s(o). What is n(7)?
-9
Let f(r) = 4*r**2 - 173*r + 11. Let c(n) = 5*n**2 - 207*n + 13. Let b(l) = -5*c(l) + 6*f(l). Calculate b(2).
-9
Let y(x) be the third derivative of 5*x**2 + 0 - 5/12*x**4 - 1/120*x**6 - 11/60*x**5 + 0*x + 1/6*x**3. Calculate y(-10).
1
Let c be ((-2)/(-4))/((-16)/(-32)). Let x(p) = -2*p**2 + 5*p + 4. Let j(w) = w + 1. Let l(g) = c*x(g) - 3*j(g). Determine l(2).
-3
Let q(z) = -33301*z + 7 + 33312*z + 6 - z**2. Determine q(11).
13
Let o = -153 - -155. Let c(a) = a**3 - 2*a**2 - 2*a + 9. Let q be c(o). Let i(r) = -3*r**2 + 5*r + 5. Determine i(q).
-45
Let j be 5/30*(-8 + 7)*(-3)/6. Let z(x) be the third derivative of 0 + 0*x**5 + 1/20*x**6 + 0*x + j*x**4 - 1/6*x**3 - 9*x**2. What is z(1)?
7
Let r(i) = 3*i**2 - 2*i + 1. Let z(x) be the first derivative of -5/2*x**2 - 45 + 7/3*x**3 + 3*x. Let c(s) = 5*r(s) - 2*z(s). Give c(0).
-1
Let b(u) = 14*u**3 - 12*u**2 - 14*u - 43. Let p(x) = 500*x**2 + 3*x**3 - 504*x**2 - 5*x - 15 + 2*x**3. Let i(w) = -6*b(w) + 17*p(w). Determine i(-4).
7
Let b(a) = a - 128276*a**3 + 9*a**2 - 3 + 128273*a**3 - 9. Let v(n) = -n**3 + n**2 + n - 3. Let l(y) = -b(y) + 2*v(y). What is l(7)?
13
Let z(g) be the first derivative of 2*g**3/3 + g**2 + 2*g - 1639. Determine z(-6).
62
Let d(o) = -13*o + 6. Let w(k) = -7*k + 3. Let x(g) = -3*d(g) + 5*w(g). Suppose 260*y + 1799 = 1347*y - 375. Give x(y).
5
Let w(a) = -17. Let h(c) = c + 34. Let u(l) = 4*h(l) + 7*w(l). Let f = 1771 + -1777. Calculate u(f).
-7
Let r(h) = -10*h + 19*h - 3*h + 110 - 85 - 8*h. What is r(-16)?
57
Let j(i) = 636*i**2 + 630*i**2 - 4 - 3*i - 1265*i**2 + i. What is j(3)?
-1
Let o(i) = -105*i**2 - 8*i + 2 - 2 + 106*i**2. Suppose 0 = -7*j + 6*j - 4*b + 4, 5*j - 5*b = 45. Determine o(j).
0
Let o be 41/(1/(2/12)) + (-64)/(-384). Let g(n) = -11*n + 99. Give g(o).
22
Let t = -84 + 91. Let x(c) = -t - 5 - 10 + 3*c + 25. Determine x(-5).
-12
Let q = 5826 + -5808. Let a(v) = -v**3 + 20*v**2 - 37*v + 24. Give a(q).
6
Let r(y) = -61*y**2 - 69*y**2 - 9*y + 203*y**2 - 79*y**2 - 2. Determine r(-1).
1
Let o be -4*(-2)/2 - 2/(-2). Suppose 5*n - 5*m = 30, 2*n - o*m = 16 + 8. Suppose 0 = -n*b - 2*u, 3*u + 1 = -4*b - 2*u. Let s(g) = g + 1. Determine s(b).
2
Let d(x) = -22 - 7*x - 26 + 0*x + 11 - 3. What is d(-8)?
16
Let j(r) = -r**3 - 13*r**2 + 20. Let f(p) = -310*p - 633. Let s be f(-2). What is j(s)?
20
Let f be 1 - (26/(-65) - (-28)/(-5)). Let v(o) = -31*o - o**3 + 38*o - 5*o**2 + 2*o**3 - 3*o**2 + 2*o**2 - f. Give v(5).
3
Suppose 3*m + 2*n - 14 - 2 = 0, -25 = -5*n. Let h be ((-133)/(-14) - 10)/(m/4). Let j(t) = -3*t**2 + t + 0*t**2 + t**2. What is j(h)?
-3
Let u(w) be the second derivative of -w**5/20 + w**4/2 + 3*w**3/2 + 9*w**2/2 - 38*w + 22. Suppose 0 = -0*y - 2*y + 5*q + 9, q = 2*y - 13. Determine u(y).
23
Let h be 0 - (10 - 5 - 1159). Let s(j) = 1162*j + h*j + 2 - 2312*j. Determine s(-1).
-2
Let o(w) = -2*w**2 + 13*w + 41. Let a(c) = c**2 - 7*c - 20. Let u(t) = -11*a(t) - 6*o(t). Let i(k) = -41*k**2 + 209*k - 20. Let d be i(5). Determine u(d).
-26
Let m(j) = 5 - 2 - 4*j**2 + j**2 + j**3 + 11*j - 14*j. Let u be ((-17)/((-340)/8) + -1)/((-2)/10). Determine m(u).
-6
Let k(d) be the second derivative of 5/2*d**2 + 1/2*d**3 + 15*d + 0. Calculate k(-7).
-16
Let f(n) = -n**3 - 11*n**2 - 7*n + 10. Let h(k) = k**3 + 24*k**2 + 141*k + 81. Let g be h(-15). What is f(g)?
-89
Let u(n) be the first derivative of 2*n**3/3 + n**2 - 4*n - 496. Give u(-6).
56
Let u(s) = 6*s - 10. Suppose -a - 2*p + 1 = -8, 0 = 4*a + 3*p - 36. What is u(a)?
44
Let v(u) = 4*u**2 + 506*u - 414 - 457*u + 423. Determine v(-12).
-3
Let n = 1495 + -1499. Let z(v) = 8*v**2 + 7*v - 8. Let r(t) = t**2 + t - 1. Let o(w) = 18*r(w) - 2*z(w). Determine o(n).
14
Let m(n) = -9*n - 1. Suppose u + 3*q = 5, -6*q + q = 4*u + 15. Let v be (u + 319/33)*6/1. What is m(v)?
17
Let c = -44 - -46. Let d(z) = z**3 + 3*z**2 - 2*z - 1. Let s(o) be the second derivative of -o**4/12 + o**3/6 - 35*o. Let w(j) = d(j) + 5*s(j). Calculate w(c).
5
Let j(d) = -d**2 - 5*d. Let u(y) = y**3 - 14*y**2 + 34*y - 15. Let a be u(11). Calculate j(a).
4
Let i(b) = 39*b**2 + 2*b + 11. Let p(a) be the third derivative of -a**5/3 - a**4/24 - a**3 + 283*a**2 - a. Let g(y) = 6*i(y) + 11*p(y). What is g(-1)?
13
Let m = -1397 + 1388. Let l(b) = 52*b + 3 - 110*b + 3 + 57*b. What is l(m)?
15
Suppose 0 = -a + 104*g - 101*g - 5, 2*g = a + 2. Let t(u) = -u**2 - 26*u + 118. Calculate t(a).
-2
Let g(j) be the third derivative of -j**8/20160 - j**7/840 - j**6/180 - 3*j**5/4 + 76*j**2 + 2. Let i(k) be the third derivative of g(k). What is i(-7)?
-11
Let o(b) = -2 + 20315*b**2 - 3 - 20314*b**2. Suppose -4*a + 12 = -2*f, 3*f = a - 2*f + 6. Suppose a*n = -0*n. What is o(n)?
-5
Let d(f) = 17*f + 19. Let a be 4/11 - (-78)/(-33). What is d(a)?
-15
Suppose -10 + 22 = -4*t. Let m = 8 + -4. Let q be -4 - (m + t + -1). Let g(n) = n**2 + 4*n + 1. Calculate g(q).
1
Let y(l) = -9 + l - 4*l**2 - 258*l**3 - 4*l**2 + 511*l**3 - 3*l - 254*l**3. Determine y(-8).
7
Let a(m) = 7*m**2 + 10*m + 7. Let h(i) = 6*i**2 + 9*i + 6. Let r(y) = -5*a(y) + 6*h(y). Let z = 2859 - 2863. Determine r(z).
1
Let g(t) be the third derivative of t**6/120 + 17*t**5/60 + 7*t**4/12 - 5*t**3/2 - 337*t**2 - 2*t. Give g(-16).
17
Let k = -14 + 9. Let j(n) be the third derivative of -n**5/120 - 11*n**4/24 - 75*n**3 - 457*n**2. Let b(t) be the first derivative of j(t). Give b(k).
-6
Let q(r) be the third derivative of r**7/840 - r**6/90 + r**5/40 - r**4/24 - 13*r**3 - 5*r**2 + 10*r. Let v(c) be the first derivative of q(c). Determine v(2).
-3
Let p(i) = 229*i + 11. Let s be p(3). Let b(d) = -d**2 - 5*d**3 - s*d + 353*d + 346*d. What is b(1)?
-5
Let v(t) = -57*t - 70. Let m(w) = 293*w - 587. Let q be m(2). What is v(q)?
-13
Let v(d) = -77*d**2 - 5*d - 2. Let c(u) = 90*u**2 + 5*u + 3. Let y(q) = -5*c(q) - 6*v(q). Determine y(3).
120
Let j = -49 + 58. Let b(v) be the third derivative of -v**4/24 - 2*v**3/3 - 52*v**2 - 3. What is b(j)?
-13
Let i(s) be the second derivative of 43*s**3/6 - 135*s. Let o(k) = -97*k - 1. Let p(m) = -9*i(m) - 4*o(m). Let l be 2/(-7) + (-26)/7. Calculate p(l).
0
Suppose 47*g - 222 = 6*g - 58. Let h(w) = 7*w - 18. Determine h(g).
10
Let d(s) = 5*s - 29. Let w(z) = 9*z - 15 + 5*z - 70. Let n(b) = -11*d(b) + 4*w(b). Let r be (2 - 2) + 0/(-2). Calculate n(r).
-21
Let t(v) = 6*v**2 -